{"id":5664,"date":"2019-01-21T18:41:41","date_gmt":"2019-01-21T18:41:41","guid":{"rendered":"http:\/\/www.kulturflecken.de\/wordpress\/?page_id=5664"},"modified":"2020-10-30T06:18:51","modified_gmt":"2020-10-30T06:18:51","slug":"kulturflecken-weg","status":"publish","type":"page","link":"https:\/\/www.kulturflecken.de\/wordpress\/?page_id=5664","title":{"rendered":"KulturFlecken-Weg, Infos f\u00fcr Kulturschaffende"},"content":{"rendered":"<p><img loading=\"lazy\" decoding=\"async\" class=\"aligncenter size-full wp-image-5666\" src=\"http:\/\/www.kulturflecken.de\/wordpress\/wp-content\/uploads\/ausschreibung.jpg\" alt=\"\" width=\"640\" height=\"296\" srcset=\"https:\/\/www.kulturflecken.de\/wordpress\/wp-content\/uploads\/ausschreibung.jpg 640w, https:\/\/www.kulturflecken.de\/wordpress\/wp-content\/uploads\/ausschreibung-300x139.jpg 300w\" sizes=\"auto, (max-width: 640px) 100vw, 640px\" \/><\/p>\n<div style=\"width: 100%;\">\n<p>&nbsp;<\/p>\n<table border=\"0\" width=\"100%\" cellspacing=\"0\" cellpadding=\"0\">\n<tbody>\n<tr>\n<td align=\"right\">Freudenberg, im Januar 2019<\/td>\n<\/tr>\n<\/tbody>\n<\/table>\n<p><span style=\"font-weight: bold; text-decoration: underline;\">An alle Kunstschaffenden<\/span><\/p>\n<p>im Raum Freudenberg\/Siegen\/Kreuztal\/Olpe\/Wenden\/Kirchen\u2026<\/p>\n<p>Der KulturFlecken Silberstern Freudenberg e.V. plant in Kooperation mit der Stadt Freudenberg den<br \/>\n<span style=\"font-weight: bold; color: red; font-size: 22px;\">KulturFlecken-Weg<\/span><img loading=\"lazy\" decoding=\"async\" class=\"alignnone size-thumbnail wp-image-5669\" src=\"http:\/\/www.kulturflecken.de\/wordpress\/wp-content\/uploads\/stern-150x150.png\" alt=\"\" width=\"30\" height=\"30\" srcset=\"https:\/\/www.kulturflecken.de\/wordpress\/wp-content\/uploads\/stern-150x150.png 150w, https:\/\/www.kulturflecken.de\/wordpress\/wp-content\/uploads\/stern.png 223w\" sizes=\"auto, (max-width: 30px) 100vw, 30px\" \/> , einen ca. 5 km langen Rundwanderweg durch den \u201eFlecker\u201c Laubwald und um die Altstadt von Freudenberg, der Werke der Bildenden Kunst (auch Klangobjekte) und Literatur am Wegesrand pr\u00e4sentierten soll. Die Objekte sollten sich in die Landschaft einpassen, ggf. regionale Aspekte ber\u00fccksichtigen und nach den gesetzlichen Vorgaben f\u00fcr Kunstwerke im \u00f6ffentlichen Raum ausgef\u00fchrt sein.<\/p>\n<p>Sie haben Interesse, einen <span style=\"font-weight: bold; color: red;\">KulturFlecken<\/span> zu gestalten? Dann melden Sie sich bitte bei mir. Ich freue mich im Namen des KulturFlecken Silberstern Freudenberg e.V. \u00fcber Ihre Ideen und Vorstellungen!<\/p>\n<p><span style=\"font-size: 18px;\">KulturFlecken Silberstern Freudenberg e.V. <a href=\"mailto:info@kulturflecken.de\">info@kulturflecken.de<\/a><\/span><\/p>\n<p>Eine gemeinsame Begehung sollte m\u00f6glichst bald vorgenommen werden, um Ideen zu generieren und Orte festzulegen. Weitere Informationen folgen nach Ihrer R\u00fcckmeldung.<\/p>\n<p><span style=\"font-weight: bold; font-size: 22px;\">Was genau ist geplant?<\/span><\/p>\n<p>Der KulturFlecken Silberstern Freudenberg e.V. plant, in Zusammenarbeit mit der Touristik-Abteilung der Stadt Freudenberg, einen bereits vorhandenen Wanderweg in einen Kunst- und Kulturpfad umzugestalten. Der ca. 5 km lange Rund-Wanderweg um Freudenberg soll landschaftlich attraktive \u201eFlecken\u201c (bspw. den Kurpark-Fotoblick) einbeziehen und mit Objekten der Kunst und Kultur (\u201eKulturFlecken\u201c) am Wegesrand zur aktiven Auseinandersetzung einladen. Eine feierliche Einweihung k\u00f6nnen wir uns im Fr\u00fchjahr 2020 vorstellen.<\/p>\n<\/div>\n<div style=\"width: 100%;\"><img loading=\"lazy\" decoding=\"async\" class=\"alignright size-full wp-image-5680\" src=\"http:\/\/www.kulturflecken.de\/wordpress\/wp-content\/uploads\/Signatur_250px.png\" alt=\"\" width=\"250\" height=\"111\"><\/div>\n<div style=\"width: 100%; height: 150px;\">&nbsp;<\/div>\n<div style=\"width: 100%;\">\n<p><span style=\"font-weight: bold; font-size: 22px;\">Welches Ziel verfolgt das Projekt?<\/span><\/p>\n<p>Ziel des Kunst- und Kultur-Projektes ist<\/p>\n<ul>\n<li>die Steigerung der Attraktivit\u00e4t Freudenbergs f\u00fcr Einheimische und Touristen,<\/li>\n<li>aktive Bereicherung f\u00fcr Familien und Menschen jeden Alters,<\/li>\n<li>die F\u00f6rderung\/Bekanntmachung regionaler Kunstschaffender,<\/li>\n<li>eine Belebung der Gastronomie-Szene Freudenbergs.<\/li>\n<\/ul>\n<p><span style=\"font-weight: bold; font-size: 22px;\">Der Weg im Detail<\/span><\/p>\n<p>Als Ausgangspunkt ist der Wanderparkplatz am Markt (gegen\u00fcber dem Touristikb\u00fcro) vorgesehen, bei dem eine Tafel den Weg auf einer Karte und die Objekte (mit Fotografien und Angabe des jeweiligen K\u00fcnstlers) beschreibt.<\/p>\n<p>Der <span style=\"color: red;\">KulturFlecken-Weg<\/span><img loading=\"lazy\" decoding=\"async\" class=\"alignnone size-thumbnail wp-image-5669\" src=\"http:\/\/www.kulturflecken.de\/wordpress\/wp-content\/uploads\/stern-150x150.png\" alt=\"\" width=\"30\" height=\"30\" srcset=\"https:\/\/www.kulturflecken.de\/wordpress\/wp-content\/uploads\/stern-150x150.png 150w, https:\/\/www.kulturflecken.de\/wordpress\/wp-content\/uploads\/stern.png 223w\" sizes=\"auto, (max-width: 30px) 100vw, 30px\" \/> bietet Lokalit\u00e4ten der Gastronomie als Rastm\u00f6glichkeit (z.B. die \u201eAlte Schanze\u201c, die ca. auf der Mitte der Strecke liegt oder jeweils am Anfang bzw. am Ende der Strecke die \u201eFleckerei\u201c,das \u201e Altstadt-Hotel\u201c, den \u201ePinsel\u201c, das \u201eSchlossberg-Caf\u00e9\u201c, das \u201eCaf\u00e9 D\u00f6rner\u201c).<\/p>\n<p>Das Symbol <img loading=\"lazy\" decoding=\"async\" class=\"alignnone size-thumbnail wp-image-5669\" src=\"http:\/\/www.kulturflecken.de\/wordpress\/wp-content\/uploads\/stern-150x150.png\" alt=\"\" width=\"30\" height=\"30\" srcset=\"https:\/\/www.kulturflecken.de\/wordpress\/wp-content\/uploads\/stern-150x150.png 150w, https:\/\/www.kulturflecken.de\/wordpress\/wp-content\/uploads\/stern.png 223w\" sizes=\"auto, (max-width: 30px) 100vw, 30px\" \/> soll an den Wegkreuzungen auf den <span style=\"color: red;\">KulturFlecken-Weg<\/span><img loading=\"lazy\" decoding=\"async\" class=\"alignnone size-thumbnail wp-image-5669\" src=\"http:\/\/www.kulturflecken.de\/wordpress\/wp-content\/uploads\/stern-150x150.png\" alt=\"\" width=\"30\" height=\"30\" srcset=\"https:\/\/www.kulturflecken.de\/wordpress\/wp-content\/uploads\/stern-150x150.png 150w, https:\/\/www.kulturflecken.de\/wordpress\/wp-content\/uploads\/stern.png 223w\" sizes=\"auto, (max-width: 30px) 100vw, 30px\" \/> hinweisen. Infotafeln an den Objekten beschreiben das jeweilige Objekt und stellen den K\u00fcnstler\/die K\u00fcnstlerin vor. QR-Codes helfen bei der Orientierung.<\/p>\n<p>Die Kunstobjekte sollten unterschiedliche Genres wie Kunst, Musik und Literatur bedienen. Denkbar ist der Start mit ca. 6-8 Objekten und eine sukzessive Erweiterung.<\/p>\n<p>Zust\u00e4ndig in Person sind f\u00fcr den KulturFlecken Freudenberg e.V.<br \/>\nDr. Brigitte Limper, Conny Corthym-Klein und Svenja Nieswandt (studentische Praktikantin der Universit\u00e4t Siegen aus dem Fachbereich Literatur, Kultur und Medien LKM)<\/p>\n<p>E-Mail: <a href=\"mailto:info@kulturflecken.de\">info@kulturflecken.de<\/a> und <a href=\"mailto:svenja.nieswandt@student.uni-siegen.de\">svenja.nieswandt@student.uni-siegen.de<\/a><\/p>\n<p>Zust\u00e4ndig f\u00fcr die Stadt Freudenberg (Fachbereich Touristik) ist Cindy Peplinski.<\/p>\n<p>Fragen und Anregungen nehmen wir gern entgegen!<\/p>\n<\/div>\n<p><strong>Dokumente<\/strong><\/p>\n<div style=\"float: left;\"><img decoding=\"async\" src=\"http:\/\/www.kulturflecken.de\/wordpress\/wp-content\/uploads\/SZ24-07-2019.jpg\" alt=\"\" width=\"250\"><\/div>\n<div style=\"float: right;\"><a href=\"http:\/\/www.kulturflecken.de\/up_load\/SZ2472019.pdf\" target=\"_blank\" rel=\"noopener noreferrer\">Artikel aus der Siegener Zeitung vom 24.07.2019 (Ca. 9 MB PDF)<\/a><\/div>\n<div style=\"clear: both;\">&nbsp;<\/div>\n<div style=\"height: 100px;\">&nbsp;<\/div>\n<div style=\"float: left;\"><img decoding=\"async\" src=\"http:\/\/www.kulturflecken.de\/wordpress\/wp-content\/uploads\/Foerderanfrage.jpg\" alt=\"\" width=\"250\"><\/div>\n<div style=\"float: right;\"><a href=\"http:\/\/www.kulturflecken.de\/up_load\/Foerderanfrageanfrage.pdf\" target=\"_blank\" rel=\"noopener noreferrer\">F\u00f6rderanfrage\/ Projektbeschreibung (Ca. 4 MB PDF)<\/a><\/div>\n","protected":false},"excerpt":{"rendered":"<p>&nbsp; Freudenberg, im Januar 2019 An alle Kunstschaffenden im Raum Freudenberg\/Siegen\/Kreuztal\/Olpe\/Wenden\/Kirchen\u2026 Der KulturFlecken Silberstern Freudenberg e.V. plant in Kooperation mit der Stadt Freudenberg den KulturFlecken-Weg , einen ca. 5 km langen Rundwanderweg durch den \u201eFlecker\u201c Laubwald und um die Altstadt &hellip; <a href=\"https:\/\/www.kulturflecken.de\/wordpress\/?page_id=5664\">Weiterlesen <span class=\"meta-nav\">&rarr;<\/span><\/a><\/p>\n","protected":false},"author":1,"featured_media":0,"parent":6006,"menu_order":20,"comment_status":"closed","ping_status":"closed","template":"","meta":{"ngg_post_thumbnail":0,"footnotes":""},"class_list":["post-5664","page","type-page","status-publish","hentry"],"_links":{"self":[{"href":"https:\/\/www.kulturflecken.de\/wordpress\/index.php?rest_route=\/wp\/v2\/pages\/5664","targetHints":{"allow":["GET"]}}],"collection":[{"href":"https:\/\/www.kulturflecken.de\/wordpress\/index.php?rest_route=\/wp\/v2\/pages"}],"about":[{"href":"https:\/\/www.kulturflecken.de\/wordpress\/index.php?rest_route=\/wp\/v2\/types\/page"}],"author":[{"embeddable":true,"href":"https:\/\/www.kulturflecken.de\/wordpress\/index.php?rest_route=\/wp\/v2\/users\/1"}],"replies":[{"embeddable":true,"href":"https:\/\/www.kulturflecken.de\/wordpress\/index.php?rest_route=%2Fwp%2Fv2%2Fcomments&post=5664"}],"version-history":[{"count":3,"href":"https:\/\/www.kulturflecken.de\/wordpress\/index.php?rest_route=\/wp\/v2\/pages\/5664\/revisions"}],"predecessor-version":[{"id":6484,"href":"https:\/\/www.kulturflecken.de\/wordpress\/index.php?rest_route=\/wp\/v2\/pages\/5664\/revisions\/6484"}],"up":[{"embeddable":true,"href":"https:\/\/www.kulturflecken.de\/wordpress\/index.php?rest_route=\/wp\/v2\/pages\/6006"}],"wp:attachment":[{"href":"https:\/\/www.kulturflecken.de\/wordpress\/index.php?rest_route=%2Fwp%2Fv2%2Fmedia&parent=5664"}],"curies":[{"name":"wp","href":"https:\/\/api.w.org\/{rel}","templated":true}]}}

KulturFlecken-Weg, Infos für Kulturschaffende

<p><img loading="lazy" decoding="async" class="aligncenter size-full wp-image-5666" src="http://www.kulturflecken.de/wordpress/wp-content/uploads/ausschreibung.jpg" alt="" width="640" height="296" srcset="https://www.kulturflecken.de/wordpress/wp-content/uploads/ausschreibung.jpg 640w, https://www.kulturflecken.de/wordpress/wp-content/uploads/ausschreibung-300x139.jpg 300w" sizes="auto, (max-width: 640px) 100vw, 640px" /></p>
<div style="width: 100%;">
<p>&nbsp;</p>
<table border="0" width="100%" cellspacing="0" cellpadding="0">
<tbody>
<tr>
<td align="right">Freudenberg, im Januar 2019</td>
</tr>
</tbody>
</table>
<p><span style="font-weight: bold; text-decoration: underline;">An alle Kunstschaffenden</span></p>
<p>im Raum Freudenberg/Siegen/Kreuztal/Olpe/Wenden/Kirchen…</p>
<p>Der KulturFlecken Silberstern Freudenberg e.V. plant in Kooperation mit der Stadt Freudenberg den<br />
<span style="font-weight: bold; color: red; font-size: 22px;">KulturFlecken-Weg</span><img loading="lazy" decoding="async" class="alignnone size-thumbnail wp-image-5669" src="http://www.kulturflecken.de/wordpress/wp-content/uploads/stern-150x150.png" alt="" width="30" height="30" srcset="https://www.kulturflecken.de/wordpress/wp-content/uploads/stern-150x150.png 150w, https://www.kulturflecken.de/wordpress/wp-content/uploads/stern.png 223w" sizes="auto, (max-width: 30px) 100vw, 30px" /> , einen ca. 5 km langen Rundwanderweg durch den „Flecker“ Laubwald und um die Altstadt von Freudenberg, der Werke der Bildenden Kunst (auch Klangobjekte) und Literatur am Wegesrand präsentierten soll. Die Objekte sollten sich in die Landschaft einpassen, ggf. regionale Aspekte berücksichtigen und nach den gesetzlichen Vorgaben für Kunstwerke im öffentlichen Raum ausgeführt sein.</p>
<p>Sie haben Interesse, einen <span style="font-weight: bold; color: red;">KulturFlecken</span> zu gestalten? Dann melden Sie sich bitte bei mir. Ich freue mich im Namen des KulturFlecken Silberstern Freudenberg e.V. über Ihre Ideen und Vorstellungen!</p>
<p><span style="font-size: 18px;">KulturFlecken Silberstern Freudenberg e.V. <a href="mailto:info@kulturflecken.de">info@kulturflecken.de</a></span></p>
<p>Eine gemeinsame Begehung sollte möglichst bald vorgenommen werden, um Ideen zu generieren und Orte festzulegen. Weitere Informationen folgen nach Ihrer Rückmeldung.</p>
<p><span style="font-weight: bold; font-size: 22px;">Was genau ist geplant?</span></p>
<p>Der KulturFlecken Silberstern Freudenberg e.V. plant, in Zusammenarbeit mit der Touristik-Abteilung der Stadt Freudenberg, einen bereits vorhandenen Wanderweg in einen Kunst- und Kulturpfad umzugestalten. Der ca. 5 km lange Rund-Wanderweg um Freudenberg soll landschaftlich attraktive „Flecken“ (bspw. den Kurpark-Fotoblick) einbeziehen und mit Objekten der Kunst und Kultur („KulturFlecken“) am Wegesrand zur aktiven Auseinandersetzung einladen. Eine feierliche Einweihung können wir uns im Frühjahr 2020 vorstellen.</p>
</div>
<div style="width: 100%;"><img loading="lazy" decoding="async" class="alignright size-full wp-image-5680" src="http://www.kulturflecken.de/wordpress/wp-content/uploads/Signatur_250px.png" alt="" width="250" height="111"></div>
<div style="width: 100%; height: 150px;">&nbsp;</div>
<div style="width: 100%;">
<p><span style="font-weight: bold; font-size: 22px;">Welches Ziel verfolgt das Projekt?</span></p>
<p>Ziel des Kunst- und Kultur-Projektes ist</p>
<ul>
<li>die Steigerung der Attraktivität Freudenbergs für Einheimische und Touristen,</li>
<li>aktive Bereicherung für Familien und Menschen jeden Alters,</li>
<li>die Förderung/Bekanntmachung regionaler Kunstschaffender,</li>
<li>eine Belebung der Gastronomie-Szene Freudenbergs.</li>
</ul>
<p><span style="font-weight: bold; font-size: 22px;">Der Weg im Detail</span></p>
<p>Als Ausgangspunkt ist der Wanderparkplatz am Markt (gegenüber dem Touristikbüro) vorgesehen, bei dem eine Tafel den Weg auf einer Karte und die Objekte (mit Fotografien und Angabe des jeweiligen Künstlers) beschreibt.</p>
<p>Der <span style="color: red;">KulturFlecken-Weg</span><img loading="lazy" decoding="async" class="alignnone size-thumbnail wp-image-5669" src="http://www.kulturflecken.de/wordpress/wp-content/uploads/stern-150x150.png" alt="" width="30" height="30" srcset="https://www.kulturflecken.de/wordpress/wp-content/uploads/stern-150x150.png 150w, https://www.kulturflecken.de/wordpress/wp-content/uploads/stern.png 223w" sizes="auto, (max-width: 30px) 100vw, 30px" /> bietet Lokalitäten der Gastronomie als Rastmöglichkeit (z.B. die „Alte Schanze“, die ca. auf der Mitte der Strecke liegt oder jeweils am Anfang bzw. am Ende der Strecke die „Fleckerei“,das „ Altstadt-Hotel“, den „Pinsel“, das „Schlossberg-Café“, das „Café Dörner“).</p>
<p>Das Symbol <img loading="lazy" decoding="async" class="alignnone size-thumbnail wp-image-5669" src="http://www.kulturflecken.de/wordpress/wp-content/uploads/stern-150x150.png" alt="" width="30" height="30" srcset="https://www.kulturflecken.de/wordpress/wp-content/uploads/stern-150x150.png 150w, https://www.kulturflecken.de/wordpress/wp-content/uploads/stern.png 223w" sizes="auto, (max-width: 30px) 100vw, 30px" /> soll an den Wegkreuzungen auf den <span style="color: red;">KulturFlecken-Weg</span><img loading="lazy" decoding="async" class="alignnone size-thumbnail wp-image-5669" src="http://www.kulturflecken.de/wordpress/wp-content/uploads/stern-150x150.png" alt="" width="30" height="30" srcset="https://www.kulturflecken.de/wordpress/wp-content/uploads/stern-150x150.png 150w, https://www.kulturflecken.de/wordpress/wp-content/uploads/stern.png 223w" sizes="auto, (max-width: 30px) 100vw, 30px" /> hinweisen. Infotafeln an den Objekten beschreiben das jeweilige Objekt und stellen den Künstler/die Künstlerin vor. QR-Codes helfen bei der Orientierung.</p>
<p>Die Kunstobjekte sollten unterschiedliche Genres wie Kunst, Musik und Literatur bedienen. Denkbar ist der Start mit ca. 6-8 Objekten und eine sukzessive Erweiterung.</p>
<p>Zuständig in Person sind für den KulturFlecken Freudenberg e.V.<br />
Dr. Brigitte Limper, Conny Corthym-Klein und Svenja Nieswandt (studentische Praktikantin der Universität Siegen aus dem Fachbereich Literatur, Kultur und Medien LKM)</p>
<p>E-Mail: <a href="mailto:info@kulturflecken.de">info@kulturflecken.de</a> und <a href="mailto:svenja.nieswandt@student.uni-siegen.de">svenja.nieswandt@student.uni-siegen.de</a></p>
<p>Zuständig für die Stadt Freudenberg (Fachbereich Touristik) ist Cindy Peplinski.</p>
<p>Fragen und Anregungen nehmen wir gern entgegen!</p>
</div>
<p><strong>Dokumente</strong></p>
<div style="float: left;"><img decoding="async" src="http://www.kulturflecken.de/wordpress/wp-content/uploads/SZ24-07-2019.jpg" alt="" width="250"></div>
<div style="float: right;"><a href="http://www.kulturflecken.de/up_load/SZ2472019.pdf" target="_blank" rel="noopener noreferrer">Artikel aus der Siegener Zeitung vom 24.07.2019 (Ca. 9 MB PDF)</a></div>
<div style="clear: both;">&nbsp;</div>
<div style="height: 100px;">&nbsp;</div>
<div style="float: left;"><img decoding="async" src="http://www.kulturflecken.de/wordpress/wp-content/uploads/Foerderanfrage.jpg" alt="" width="250"></div>
<div style="float: right;"><a href="http://www.kulturflecken.de/up_load/Foerderanfrageanfrage.pdf" target="_blank" rel="noopener noreferrer">Förderanfrage/ Projektbeschreibung (Ca. 4 MB PDF)</a></div>
