{"id":258,"date":"2010-09-28T11:03:28","date_gmt":"2010-09-28T11:03:28","guid":{"rendered":"http:\/\/www.kulturflecken.de\/wordpress\/?page_id=258"},"modified":"2018-06-09T12:23:54","modified_gmt":"2018-06-09T12:23:54","slug":"presseartikel","status":"publish","type":"page","link":"https:\/\/www.kulturflecken.de\/wordpress\/?page_id=258","title":{"rendered":"Presse"},"content":{"rendered":"<p>Hier finden Sie Berichte und Ver\u00f6ffentlichungen aus der Presse \u00fcber den KulturfleckenSilberstern e.V. und dessen Aktivit\u00e4ten.<\/p>\n","protected":false},"excerpt":{"rendered":"<p>Hier finden Sie Berichte und Ver\u00f6ffentlichungen aus der Presse \u00fcber den KulturfleckenSilberstern e.V. und dessen Aktivit\u00e4ten.<\/p>\n","protected":false},"author":1,"featured_media":0,"parent":0,"menu_order":5,"comment_status":"closed","ping_status":"closed","template":"","meta":{"ngg_post_thumbnail":0,"footnotes":""},"class_list":["post-258","page","type-page","status-publish","hentry"],"_links":{"self":[{"href":"https:\/\/www.kulturflecken.de\/wordpress\/index.php?rest_route=\/wp\/v2\/pages\/258","targetHints":{"allow":["GET"]}}],"collection":[{"href":"https:\/\/www.kulturflecken.de\/wordpress\/index.php?rest_route=\/wp\/v2\/pages"}],"about":[{"href":"https:\/\/www.kulturflecken.de\/wordpress\/index.php?rest_route=\/wp\/v2\/types\/page"}],"author":[{"embeddable":true,"href":"https:\/\/www.kulturflecken.de\/wordpress\/index.php?rest_route=\/wp\/v2\/users\/1"}],"replies":[{"embeddable":true,"href":"https:\/\/www.kulturflecken.de\/wordpress\/index.php?rest_route=%2Fwp%2Fv2%2Fcomments&post=258"}],"version-history":[{"count":3,"href":"https:\/\/www.kulturflecken.de\/wordpress\/index.php?rest_route=\/wp\/v2\/pages\/258\/revisions"}],"predecessor-version":[{"id":4819,"href":"https:\/\/www.kulturflecken.de\/wordpress\/index.php?rest_route=\/wp\/v2\/pages\/258\/revisions\/4819"}],"wp:attachment":[{"href":"https:\/\/www.kulturflecken.de\/wordpress\/index.php?rest_route=%2Fwp%2Fv2%2Fmedia&parent=258"}],"curies":[{"name":"wp","href":"https:\/\/api.w.org\/{rel}","templated":true}]}}