{"id":1215,"date":"2012-06-25T07:39:59","date_gmt":"2012-06-25T07:39:59","guid":{"rendered":"http:\/\/www.kulturflecken.de\/wordpress\/?page_id=1215"},"modified":"2012-06-25T07:39:59","modified_gmt":"2012-06-25T07:39:59","slug":"presseartikel-alpenrausch-beim-flecker-freiluftfest","status":"publish","type":"page","link":"https:\/\/www.kulturflecken.de\/wordpress\/?page_id=1215","title":{"rendered":"Presseartikel: Alpenrausch beim Flecker Freiluftfest"},"content":{"rendered":"<h2>Christine Lauterburg und Doppelbock<\/h2>\n<h1>Alpenrausch beim Flecker Freiluftfest<\/h1>\n<h3>\n<div id=\"attachment_1216\" style=\"width: 277px\" class=\"wp-caption alignleft\"><a href=\"http:\/\/www.kulturflecken.de\/wordpress\/wp-content\/uploads\/presse-23-06-2012.jpg\"><img loading=\"lazy\" decoding=\"async\" aria-describedby=\"caption-attachment-1216\" class=\"size-full wp-image-1216\" title=\"presse-23-06-2012\" src=\"http:\/\/www.kulturflecken.de\/wordpress\/wp-content\/uploads\/presse-23-06-2012.jpg\" alt=\"\" width=\"267\" height=\"179\" \/><\/a><p id=\"caption-attachment-1216\" class=\"wp-caption-text\">Frisch, frech, fr\u00f6hlich, lustvoll: Die Schweizer Extrem-Jodlerin Christine Lauterburg und ihre musikalischen Kollegen der Band Doppelbock schafften ordentlich Alpenrausch in den Kurpark Freudenberg. Foto: sib<\/p><\/div>\n<p>Freudenberg. Alte Sch\u00e4tze der Volksmusik mit modernen Anleihen konnten im Kurpark gehoben werden, und die Erndtebr\u00fccker Alphornbl\u00e4ser waren auch dabei.<\/h3>\n<p>sib &#8211; Von den Stiefeletten bis zu den Plastikblumen im grauen Haar ist die Frau komplett in pink gekleidet. Sie geht in der D\u00e4mmerung langsam unter den B\u00e4umen des Kurparks entlang, spielt dabei Geige und &#8211; jodelt. Glasklare, unverst\u00e4rkte, zauberhafte Alpenjuchzer kommen aus ihrer Kehle. Keine Frage, Christine Lauterburg lieferte bei &#8222;Highmisch&#8220;, dem Flecker Freiluftfest des Kulturfleckens Silberstern, ein in jeder Hinsicht abwechslungsreiches und innovatives Programm ab.<\/p>\n<h3>Auf dem Weltmusikfestival in Rudolstadt entdeckt<\/h3>\n<p>Frisch, frech, fr\u00f6hlich, lustvoll klingen die Titel der Schweizerin, die der Vorstand des Kulturfleckens 2011 auf dem Weltmusikfestival im th\u00fcringischen Rudolstadt entdeckte und sofort beschloss, die K\u00fcnstlerin nach Freudenberg zu bitten. Die Schauspielerin, Multiinstrumentalistin und S\u00e4ngerin verstand es mit unaufdringlichen Gesten, Charme und eben einer \u00e4u\u00dferst imposanten Stimme, ein bisschen Alpenrausch in den Kurpark zu bringen und die Band Doppelbock, die sie begleitete, stand ihr in Sachen Au\u00dfergew\u00f6hnlichkeit und musikalischer Professionalit\u00e4t in nichts nach. Der Bassmann klopfte mit der einen Hand auf die Saiten seines Instruments, w\u00e4hrend die andere eine Triangel bediente, Bl\u00e4serin Elisabeth Sulser spielte auf einem Kuhhorn, und auch die anderen beiden Herren im Bunde hinterlie\u00dfen mit urigen Instrumenten wie Tr\u00fcmpi, Helvetischer Sackpfeife, Maultrommel und anderen Sch\u00e4tzen der Volksmusik einen mehr als interessanten Eindruck.<\/p>\n<h3>Graub\u00fcnden und die Karibik &#8211; das passt!<\/h3>\n<p>Ob Maienlied, Bauernlob oder des Jodlers Freude: Christine Lauterburg und ihre Doppelbock-Mitstreiter versahen alte Sch\u00e4tze der Volksmusik mit modernen Anleihen, fl\u00f6\u00dften einem Menuett aus Graub\u00fcnden ein wenig Karibik-Feeling ein oder feierten das Leben mit einem fr\u00f6hlichen Volksmusikst\u00fcck aus dem Tessin. Es gab auch Eigenkomponiertes und St\u00fccke mit ordentlich Biss, etwa bei einer musikalischen Runde Staatskunde. Das Publikum im Kurpark dankte es entsprechend, in der ersten Reihe klopften sich die G\u00e4ste rhythmisch auf die Oberschenkel, schmissen abwechselnd die Beine in die Luft, und schlie\u00dflich sah man sogar Menschen im Kontratanz untergehakt im Kreis h\u00fcpfen. Au\u00dferdem hatten weitere musikalische G\u00e4ste den Weg in den Kurpark gefunden: Die Erndtebr\u00fccker Alphornbl\u00e4ser unter Leitung von Bernd Sa\u00dfmannshausen verzauberten Augen und Ohren mit einem Allg\u00e4uer Hirtenruf und dem \u00fcberaus passenden &#8222;Abend in den Bergen&#8220;, sanfte und zugleich vollt\u00f6nende Kl\u00e4nge erreichten die Trommelfelle der G\u00e4ste.<\/p>\n<h3>Alpin wurde es auch f\u00fcrs Auge und f\u00fcr den Gaumen<\/h3>\n<p>Die Alpenrepublik-Atmosph\u00e4re wurde forciert durch leckere H\u00e4ppchen nach Schweizer Art und passende Weine. Tolle Lichteffekte in der Parkanlage und sp\u00e4ter am Abend der Filmklassiker &#8222;Heidi&#8220; auf Gro\u00dfleinwand machten den Abend zu etwas ganz Besonderem.<br \/>\n24.06.2012 19:07<\/p>\n","protected":false},"excerpt":{"rendered":"<p>Christine Lauterburg und Doppelbock Alpenrausch beim Flecker Freiluftfest Freudenberg. Alte Sch\u00e4tze der Volksmusik mit modernen Anleihen konnten im Kurpark gehoben werden, und die Erndtebr\u00fccker Alphornbl\u00e4ser waren auch dabei. sib &#8211; Von den Stiefeletten bis zu den Plastikblumen im grauen Haar &hellip; <a href=\"https:\/\/www.kulturflecken.de\/wordpress\/?page_id=1215\">Weiterlesen <span class=\"meta-nav\">&rarr;<\/span><\/a><\/p>\n","protected":false},"author":1,"featured_media":0,"parent":258,"menu_order":0,"comment_status":"closed","ping_status":"closed","template":"","meta":{"ngg_post_thumbnail":0,"footnotes":""},"class_list":["post-1215","page","type-page","status-publish","hentry"],"_links":{"self":[{"href":"https:\/\/www.kulturflecken.de\/wordpress\/index.php?rest_route=\/wp\/v2\/pages\/1215","targetHints":{"allow":["GET"]}}],"collection":[{"href":"https:\/\/www.kulturflecken.de\/wordpress\/index.php?rest_route=\/wp\/v2\/pages"}],"about":[{"href":"https:\/\/www.kulturflecken.de\/wordpress\/index.php?rest_route=\/wp\/v2\/types\/page"}],"author":[{"embeddable":true,"href":"https:\/\/www.kulturflecken.de\/wordpress\/index.php?rest_route=\/wp\/v2\/users\/1"}],"replies":[{"embeddable":true,"href":"https:\/\/www.kulturflecken.de\/wordpress\/index.php?rest_route=%2Fwp%2Fv2%2Fcomments&post=1215"}],"version-history":[{"count":2,"href":"https:\/\/www.kulturflecken.de\/wordpress\/index.php?rest_route=\/wp\/v2\/pages\/1215\/revisions"}],"predecessor-version":[{"id":1218,"href":"https:\/\/www.kulturflecken.de\/wordpress\/index.php?rest_route=\/wp\/v2\/pages\/1215\/revisions\/1218"}],"up":[{"embeddable":true,"href":"https:\/\/www.kulturflecken.de\/wordpress\/index.php?rest_route=\/wp\/v2\/pages\/258"}],"wp:attachment":[{"href":"https:\/\/www.kulturflecken.de\/wordpress\/index.php?rest_route=%2Fwp%2Fv2%2Fmedia&parent=1215"}],"curies":[{"name":"wp","href":"https:\/\/api.w.org\/{rel}","templated":true}]}}